{"id":2857,"date":"2022-08-26T07:56:46","date_gmt":"2022-08-26T07:56:46","guid":{"rendered":"http:\/\/2022.escapades.de\/?post_type=portfolio&#038;p=2857"},"modified":"2022-09-23T06:37:58","modified_gmt":"2022-09-23T06:37:58","slug":"daniel-schreiber","status":"publish","type":"portfolio","link":"https:\/\/www.escapades.de\/en\/portfolio\/daniel-schreiber\/","title":{"rendered":"Daniel Schreiber"},"content":{"rendered":"<p>The tenor Daniel Schreiber was born in Neustadt an der Weinstra\u00dfe in 1979. He won several prizes in the \"Jugend musiziert\" competition at an early age. He first studied school music (majoring in organ) at the University of Music and Performing Arts in Stuttgart. In the summer of 2001, he began his vocal studies with professors Bruce Abel and Francisco Araiza.<\/p>\n\n\n\n<p>Outstanding vocal ability paired with exemplary sensitivity makes Daniel Schreiber a much sought-after artist both as a soloist and as an ensemble singer. For many years he was a regular guest with the radio choirs of the S\u00fcdwestrundfunk and the Bayerischer Rundfunk. He has been a member of the male vocal ensemble \"The Lords of the Chords\" since its foundation. Since 2009 Schreiber has been a permanent member of the Munich male vocal ensemble \"Die Singphoniker\".<\/p>\n\n\n\n<p>In addition to a variety of appearances as a lieder and concert singer throughout Germany, guest contracts took him to the Stuttgart State Opera, where he performed in Steve Reich's \"Dolly\" and as \"Barabaschkin\" in Shostakovich's \"Moscow Cheryomushki\".<\/p>\n\n\n\n<p>Other tasks in 2022 include oratorio concerts, CD recordings (including with the Capricornus Ensemble Stuttgart), recitals and concerts with the Singphoniker.<\/p>\n\n\n\n<p><a href=\"https:\/\/www.singphoniker.de\/\" target=\"_blank\" rel=\"noreferrer noopener\">www.singphoniker.de<\/a><\/p>","protected":false},"excerpt":{"rendered":"<p>Der Tenor Daniel Schreiber wurde 1979 in Neustadt an der Weinstra\u00dfe geboren. Schon fr\u00fch war er mehrfach Preistr\u00e4ger beim Wettbewerb \u201eJugend musiziert\u201c. Er studierte zun\u00e4chst Schulmusik (Hauptfach Orgel) an der Hochschule f\u00fcr Musik und darstellende Kunst in Stuttgart. Ab Sommer 2001 begann er parallel dazu sein Gesangsstudium bei den Professoren Bruce Abel und Francisco Araiza. [&hellip;]<\/p>\n","protected":false},"author":1,"featured_media":2325,"menu_order":0,"comment_status":"closed","ping_status":"closed","template":"","format":"standard","meta":{"_uag_custom_page_level_css":"","site-sidebar-layout":"default","site-content-layout":"","ast-site-content-layout":"default","site-content-style":"default","site-sidebar-style":"default","ast-global-header-display":"","ast-banner-title-visibility":"","ast-main-header-display":"","ast-hfb-above-header-display":"","ast-hfb-below-header-display":"","ast-hfb-mobile-header-display":"","site-post-title":"","ast-breadcrumbs-content":"","ast-featured-img":"","footer-sml-layout":"","ast-disable-related-posts":"","theme-transparent-header-meta":"","adv-header-id-meta":"","stick-header-meta":"","header-above-stick-meta":"","header-main-stick-meta":"","header-below-stick-meta":"","astra-migrate-meta-layouts":"default","ast-page-background-enabled":"default","ast-page-background-meta":{"desktop":{"background-color":"var(--ast-global-color-4)","background-image":"","background-repeat":"repeat","background-position":"center center","background-size":"auto","background-attachment":"scroll","background-type":"","background-media":"","overlay-type":"","overlay-color":"","overlay-opacity":"","overlay-gradient":""},"tablet":{"background-color":"","background-image":"","background-repeat":"repeat","background-position":"center center","background-size":"auto","background-attachment":"scroll","background-type":"","background-media":"","overlay-type":"","overlay-color":"","overlay-opacity":"","overlay-gradient":""},"mobile":{"background-color":"","background-image":"","background-repeat":"repeat","background-position":"center center","background-size":"auto","background-attachment":"scroll","background-type":"","background-media":"","overlay-type":"","overlay-color":"","overlay-opacity":"","overlay-gradient":""}},"ast-content-background-meta":{"desktop":{"background-color":"var(--ast-global-color-5)","background-image":"","background-repeat":"repeat","background-position":"center center","background-size":"auto","background-attachment":"scroll","background-type":"","background-media":"","overlay-type":"","overlay-color":"","overlay-opacity":"","overlay-gradient":""},"tablet":{"background-color":"var(--ast-global-color-5)","background-image":"","background-repeat":"repeat","background-position":"center center","background-size":"auto","background-attachment":"scroll","background-type":"","background-media":"","overlay-type":"","overlay-color":"","overlay-opacity":"","overlay-gradient":""},"mobile":{"background-color":"var(--ast-global-color-5)","background-image":"","background-repeat":"repeat","background-position":"center center","background-size":"auto","background-attachment":"scroll","background-type":"","background-media":"","overlay-type":"","overlay-color":"","overlay-opacity":"","overlay-gradient":""}},"ngg_post_thumbnail":0,"_vp_format_video_url":"","_vp_image_focal_point":{"x":0.49,"y":0.28},"footnotes":""},"portfolio_category":[44],"portfolio_tag":[45],"class_list":["post-2857","portfolio","type-portfolio","status-publish","format-standard","has-post-thumbnail","hentry","portfolio_category-gaeste","portfolio_tag-gesang"],"aioseo_notices":[],"uagb_featured_image_src":{"full":["https:\/\/www.escapades.de\/wp-content\/uploads\/2022\/08\/Daniel-Schreiber_Tenor.jpg",533,800,false],"thumbnail":["https:\/\/www.escapades.de\/wp-content\/uploads\/2022\/08\/Daniel-Schreiber_Tenor-150x150.jpg",150,150,true],"medium":["https:\/\/www.escapades.de\/wp-content\/uploads\/2022\/08\/Daniel-Schreiber_Tenor-200x300.jpg",200,300,true],"medium_large":["https:\/\/www.escapades.de\/wp-content\/uploads\/2022\/08\/Daniel-Schreiber_Tenor.jpg",533,800,false],"large":["https:\/\/www.escapades.de\/wp-content\/uploads\/2022\/08\/Daniel-Schreiber_Tenor.jpg",533,800,false],"1536x1536":["https:\/\/www.escapades.de\/wp-content\/uploads\/2022\/08\/Daniel-Schreiber_Tenor.jpg",533,800,false],"2048x2048":["https:\/\/www.escapades.de\/wp-content\/uploads\/2022\/08\/Daniel-Schreiber_Tenor.jpg",533,800,false],"trp-custom-language-flag":["https:\/\/www.escapades.de\/wp-content\/uploads\/2022\/08\/Daniel-Schreiber_Tenor.jpg",8,12,false],"vp_sm":["https:\/\/www.escapades.de\/wp-content\/uploads\/2022\/08\/Daniel-Schreiber_Tenor.jpg",500,750,false],"vp_md":["https:\/\/www.escapades.de\/wp-content\/uploads\/2022\/08\/Daniel-Schreiber_Tenor.jpg",533,800,false],"vp_lg":["https:\/\/www.escapades.de\/wp-content\/uploads\/2022\/08\/Daniel-Schreiber_Tenor.jpg",533,800,false],"vp_xl":["https:\/\/www.escapades.de\/wp-content\/uploads\/2022\/08\/Daniel-Schreiber_Tenor.jpg",533,800,false],"vp_sm_popup":["https:\/\/www.escapades.de\/wp-content\/uploads\/2022\/08\/Daniel-Schreiber_Tenor.jpg",500,750,false],"vp_md_popup":["https:\/\/www.escapades.de\/wp-content\/uploads\/2022\/08\/Daniel-Schreiber_Tenor.jpg",533,800,false],"vp_xl_popup":["https:\/\/www.escapades.de\/wp-content\/uploads\/2022\/08\/Daniel-Schreiber_Tenor.jpg",533,800,false],"bdpp-medium":["https:\/\/www.escapades.de\/wp-content\/uploads\/2022\/08\/Daniel-Schreiber_Tenor.jpg",320,480,false]},"uagb_author_info":{"display_name":"webproofed","author_link":"https:\/\/www.escapades.de\/en\/author\/admin\/"},"uagb_comment_info":0,"uagb_excerpt":"Der Tenor Daniel Schreiber wurde 1979 in Neustadt an der Weinstra\u00dfe geboren. Schon fr\u00fch war er mehrfach Preistr\u00e4ger beim Wettbewerb \u201eJugend musiziert\u201c. Er studierte zun\u00e4chst Schulmusik (Hauptfach Orgel) an der Hochschule f\u00fcr Musik und darstellende Kunst in Stuttgart. Ab Sommer 2001 begann er parallel dazu sein Gesangsstudium bei den Professoren Bruce Abel und Francisco Araiza.&hellip;","_links":{"self":[{"href":"https:\/\/www.escapades.de\/en\/wp-json\/wp\/v2\/portfolio\/2857","targetHints":{"allow":["GET"]}}],"collection":[{"href":"https:\/\/www.escapades.de\/en\/wp-json\/wp\/v2\/portfolio"}],"about":[{"href":"https:\/\/www.escapades.de\/en\/wp-json\/wp\/v2\/types\/portfolio"}],"author":[{"embeddable":true,"href":"https:\/\/www.escapades.de\/en\/wp-json\/wp\/v2\/users\/1"}],"replies":[{"embeddable":true,"href":"https:\/\/www.escapades.de\/en\/wp-json\/wp\/v2\/comments?post=2857"}],"version-history":[{"count":0,"href":"https:\/\/www.escapades.de\/en\/wp-json\/wp\/v2\/portfolio\/2857\/revisions"}],"wp:featuredmedia":[{"embeddable":true,"href":"https:\/\/www.escapades.de\/en\/wp-json\/wp\/v2\/media\/2325"}],"wp:attachment":[{"href":"https:\/\/www.escapades.de\/en\/wp-json\/wp\/v2\/media?parent=2857"}],"wp:term":[{"taxonomy":"portfolio_category","embeddable":true,"href":"https:\/\/www.escapades.de\/en\/wp-json\/wp\/v2\/portfolio_category?post=2857"},{"taxonomy":"portfolio_tag","embeddable":true,"href":"https:\/\/www.escapades.de\/en\/wp-json\/wp\/v2\/portfolio_tag?post=2857"}],"curies":[{"name":"wp","href":"https:\/\/api.w.org\/{rel}","templated":true}]}}

<p>The tenor Daniel Schreiber was born in Neustadt an der Weinstraße in 1979. He won several prizes in the "Jugend musiziert" competition at an early age. He first studied school music (majoring in organ) at the University of Music and Performing Arts in Stuttgart. In the summer of 2001, he began his vocal studies with professors Bruce Abel and Francisco Araiza.</p>



<p>Outstanding vocal ability paired with exemplary sensitivity makes Daniel Schreiber a much sought-after artist both as a soloist and as an ensemble singer. For many years he was a regular guest with the radio choirs of the Südwestrundfunk and the Bayerischer Rundfunk. He has been a member of the male vocal ensemble "The Lords of the Chords" since its foundation. Since 2009 Schreiber has been a permanent member of the Munich male vocal ensemble "Die Singphoniker".</p>



<p>In addition to a variety of appearances as a lieder and concert singer throughout Germany, guest contracts took him to the Stuttgart State Opera, where he performed in Steve Reich's "Dolly" and as "Barabaschkin" in Shostakovich's "Moscow Cheryomushki".</p>



<p>Other tasks in 2022 include oratorio concerts, CD recordings (including with the Capricornus Ensemble Stuttgart), recitals and concerts with the Singphoniker.</p>



<p><a href="https://www.singphoniker.de/" target="_blank" rel="noreferrer noopener">www.singphoniker.de</a></p>

<p>Der Tenor Daniel Schreiber wurde 1979 in Neustadt an der Weinstraße geboren. Schon früh war er mehrfach Preisträger beim Wettbewerb „Jugend musiziert“. Er studierte zunächst Schulmusik (Hauptfach Orgel) an der Hochschule für Musik und darstellende Kunst in Stuttgart. Ab Sommer 2001 begann er parallel dazu sein Gesangsstudium bei den Professoren Bruce Abel und Francisco Araiza. [&hellip;]</p>

Der Tenor Daniel Schreiber wurde 1979 in Neustadt an der Weinstraße geboren. Schon früh war er mehrfach Preisträger beim Wettbewerb „Jugend musiziert“. Er studierte zunächst Schulmusik (Hauptfach Orgel) an der Hochschule für Musik und darstellende Kunst in Stuttgart. Ab Sommer 2001 begann er parallel dazu sein Gesangsstudium bei den Professoren Bruce Abel und Francisco Araiza.&hellip;
